s of n?
2, 653
Suppose 4*y = 1769 - 185. Suppose 2*b - y = -b. List the prime factors of (-2*1*-1)/(12/b).
2, 11
What are the prime factors of 6239/(4 + (0 - -1) + -9)*-4?
17, 367
Let c be (-440)/(-77)*21/6. Suppose -1116 - 1624 = -c*z. What are the prime factors of z?
137
Suppose 10*b + 16*b + 40*b = 908688. List the prime factors of b.
2, 1721
Let f(b) = b**3 - 16*b**2 - 36*b - 64. Let z be f(19). Suppose z = c - 5*l, 8*l + 20 = 4*l. List the prime factors of c.
2, 5, 31
Let q = -928 + 928. Suppose q = -n + 531 + 256. List the prime factors of n.
787
Suppose -12*h = -26*h + 34*h - 677280. List the prime factors of h.
2, 3, 17, 83
What are the prime factors of (-55)/(28288/3145 + -9)?
5, 11, 37
Suppose 0 = -29*p + 71728 + 100014 + 494707. List the prime factors of p.
7, 67
Suppose 4*j = -4*i + 12, -5*i - 6 = -7*i - j. What are the prime factors of (i - 9/2)*(9 + -319)?
3, 5, 31
Let s(m) = 4*m - 104. Let b be s(27). Suppose 171 = 3*f - 2*o, -3*o + 6*o + 227 = b*f. List the prime factors of f.
59
Suppose 13*y - 22*y + 36 = 0. Suppose 1793 = 3*v - 17*j + 16*j, 4 = y*j. What are the prime factors of v?
2, 13, 23
Let j = -83 + 88. Let w(b) = -j*b - 7 - 15*b**2 + 35 + 14*b**2 - 7*b. What are the prime factors of w(-12)?
2, 7
Suppose -4*r = 381 - 149. Let g = -55 - r. Suppose 15 = 3*o, g*p - o = 4*o + 224. What are the prime factors of p?
83
Suppose 5*d + 17 = 12. Let y be 1 - ((-485)/d - 4). Let v = -243 - y. List the prime factors of v.
3, 79
Let w(a) = -2*a**3 - 11*a**2 - 18*a - 11. Let x be w(-4). Suppose -5*v - 3*t - 370 = 0, 3*v - 2*t + 39 = -164. Let k = x - v. List the prime factors of k.
2, 3, 7
Let q = -1877 + 9315. What are the prime factors of q?
2, 3719
Let n be 15*3/9 + -31. Let z = n + 135. List the prime factors of z.
109
Let s(a) = -190*a + 72. Suppose 5*y + b - 22 + 61 = 0, -33 = 4*y - b. List the prime factors of s(y).
2, 199
Suppose 2*n - 4*q + 248 = -0*q, 0 = -5*n - 4*q - 676. What are the prime factors of n/24*-2*5?
5, 11
Suppose 4*x + 1060 = 4*k, 0*x + 3*k = x + 269. Let m = x + 592. List the prime factors of m.
7, 47
Let x(p) = p**2 - 4*p. Let i be x(4). Let f = 134 + i. List the prime factors of f.
2, 67
Suppose 13 = 2*l - m + 4*m, -3*l + 5*m = 9. Suppose -w = -l*u - 259, w = -4*w + 4*u + 1313. What are the prime factors of w?
5, 53
Let y(v) = -6 + 3 + 153*v + 8*v - 5*v**2 + 27*v. List the prime factors of y(32).
19, 47
Suppose -135*p = -131*p - 32184. What are the prime factors of p?
2, 3, 149
Let p(s) = -3*s + 3*s + s**2 + 97 + 2. Let z be p(0). What are the prime factors of z + 2/(-1) + 6?
103
Let o(s) = -745*s + 253. What are the prime factors of o(-13)?
2, 4969
Let q(r) = 8*r - 89. Let z be q(25). What are the prime factors of z*(-1)/(-3)*(-13)/(-1)?
13, 37
Suppose 2*s = -4*a + 2878, -3*s + 10*a = 15*a - 4313. Suppose g = -4*r + 8*r - s, 2*g = 5*r - 1785. What are the prime factors of r?
359
Let y(p) = -12 + 24 - 5*p + p - 3*p**2 + p**2. List the prime factors of y(0).
2, 3
Let z(b) = 28 - 14 + 7 - 9*b + b**2 + 0*b**2. Let l be z(7). Suppose -22*s = -l*s - 1035. What are the prime factors of s?
3, 23
Let f(y) = -y**3 - 23 + 14*y + 37 + 22*y**2 - 12*y**2 - 32 + 8*y. Suppose 0 = 4*w + 2 - 46. What are the prime factors of f(w)?
103
Suppose 5*n = 3*a - 37, -2*a = -4*n - 14 - 12. Suppose 0 = a*y - 2141 - 487. What are the prime factors of y?
2, 73
Suppose -12 = 10*i - 13*i. Let z(l) = -6*l + 0*l**2 + 1 - i + l**2 + l**2. What are the prime factors of z(6)?
3, 11
Suppose -553*k + 51772 = -549*k - 4*u, k - 12922 = 4*u. What are the prime factors of k?
2, 5, 7, 37
Suppose 29*p + 11*p = 54*p - 878472. What are the prime factors of p?
2, 3, 7, 83
Let y(k) = -38*k**2 + 7*k + 69435. What are the prime factors of y(0)?
3, 5, 1543
Let b = 581 - 160. What are the prime factors of b + 0 - (32/(-8) + 7)?
2, 11, 19
Let n(g) = -14*g + 20*g + 10*g**3 + 3*g**2 - 13*g**2 - 1. What are the prime factors of n(4)?
503
Let m(k) = 6365*k**3 + 3*k**2 - 29*k + 27. List the prime factors of m(1).
2, 3, 1061
Let y be (-60 + -3)*(-2)/3. Suppose -5*q - 121 + 26 = 0. Let d = q + y. What are the prime factors of d?
23
Let i(m) = -34*m**3 - 18*m**2 - 27*m + 68. List the prime factors of i(-6).
2, 3463
Suppose 0 = -2*s - 107 - 67. Let d = s + 85. What are the prime factors of (-4 - (-4 - 1))/(d/(-202))?
101
Let r(n) = n**3 - 2*n**2 - 6*n + 1. Let h be r(-6). Let j = -129 - h. List the prime factors of j.
2, 61
Suppose 55859 = -b - 12*b + 457676. List the prime factors of b.
3, 10303
Suppose -8 = -2*x - 4*n, -3*x + 5 = -3*n + 2. Let h be ((-19)/5 + -1)*-5. What are the prime factors of (x + h)/(6/15)?
5, 13
Let u(c) = -c**3 - 9*c**2 - 8. Let l be u(-9). What are the prime factors of 7050/12 - 28/l?
3, 197
What are the prime factors of 3/(2/(171672/36))?
23, 311
Let p(u) = 3*u + 27. Let l be p(0). Suppose -70*m + 38958 = -l*m. List the prime factors of m.
2, 3, 151
Let s be 390/(-156)*812/(-5). Let a = -204 + s. List the prime factors of a.
2, 101
Let g be 1056/(-104) + (-4)/(-26). What are the prime factors of g/45*-12*123/4?
2, 41
Let p = 86 - 92. Let s(b) = b**3 + 2*b**2 - 8*b - 4. Let t be s(p). Let h = t + 246. List the prime factors of h.
2, 73
Suppose -4*w = z - 4 - 13, 0 = -2*z - 3*w + 19. Suppose 0 = 3*i, -z*i + 320 + 439 = 3*o. What are the prime factors of o?
11, 23
Let u be 2/9 - (2892/(-108) - 1). List the prime factors of (274/4)/(u/(-32) + 1).
2, 137
Suppose 323*k + 508722 - 12323416 = 0. What are the prime factors of k?
2, 18289
What are the prime factors of (((-1287)/12)/11)/(8/(-2368))?
2, 3, 13, 37
Suppose 161*k - 109*k = 891748. What are the prime factors of k?
11, 1559
List the prime factors of (4729842/(-12))/(-51) + (3/2 - 2).
2, 3, 7, 23
Suppose 4*x + 79*k - 12460 = 75*k, x - 3*k = 3091. List the prime factors of x.
3109
Let a be (-1)/(2 + (-11)/(-15)*-3). Suppose 0 = -m + l + 372, 3*m - 7*m + 1461 = a*l. What are the prime factors of m?
3, 41
Suppose 23*s - 29*s = -49008. Suppose -22*t + s + 302 = 0. What are the prime factors of t?
5, 7, 11
What are the prime factors of 584/10*(-10965)/(-86)?
2, 3, 17, 73
Let d be 1/1 - 36234/(-18). Suppose d = 5*z + 3*w, -4*z + 3*w = -6*z + 811. What are the prime factors of z?
401
Let h(t) = 7*t**2 + 13*t + 30. Let l(a) = -4*a**2 - 7*a - 15. Let n(i) = 3*h(i) + 5*l(i). Let x be n(13). Let m = x - 64. List the prime factors of m.
2, 43
Let p(o) = o**2 + 9*o + 3. Let m be p(-9). Suppose 5*s - 9 = -m*t + 1, 2*t - 5*s + 10 = 0. What are the prime factors of (5 - (t + 2)) + (3 - -1)?
7
Suppose -4*h + 62796 = 4*d, -3*d - 714*h + 47088 = -712*h. List the prime factors of d.
2, 3, 5, 523
Let q = 3186 - 1174. What are the prime factors of q?
2, 503
Let k be (-22)/3*(-69)/(-2). Let a(i) = 633*i - 196. Let p be a(1). Let l = p + k. List the prime factors of l.
2, 23
Suppose 0 = 8*j - 50337 - 27471. List the prime factors of j.
2, 3, 1621
Let h(r) = 312*r**2 + 28*r + 218. What are the prime factors of h(-6)?
2, 5641
Suppose -h = 4*z - 14093 - 5903, -z + h + 4994 = 0. List the prime factors of z.
2, 3, 7, 17
What are the prime factors of (-498 - -477)*12735/(-7)?
3, 5, 283
Suppose 2*j - 790 = -c, 2*c = 4*j - 242 + 1774. What are the prime factors of c?
2, 389
Let u(a) = -36*a**2 - a + 1. Let w be u(-1). Let l = -28 - w. Suppose -4*x - l*r + 1052 = -r, 3*r - 1060 = -4*x. What are the prime factors of x?
2, 67
Suppose 5 = -c - 0, -5*k - c = -5. What are the prime factors of (-45)/(-27) + k + (-1882)/(-3)?
631
Let p = 17438 + -7926. List the prime factors of p.
2, 29, 41
List the prime factors of (-6)/10 + ((-2464)/320)/((-2)/3356).
2, 5, 17, 19
Let p(n) = 11*n + 15. Let x(f) be the third derivative of -5*f**4/24 - 7*f**3/6 - 2*f**2. Let i(d) = 4*p(d) + 9*x(d). List the prime factors of i(-11).
2
Let f(k) = -4495*k**3 + 3*k**2 - 4*k - 2. List the prime factors of f(-2).
2, 17989
Suppose q = 2*s - 2*q - 3, -15 = -4*s - 3*q. Let h be s/9 + (-11)/9*-3. Let z(r) = r**3 - 2*r**2 - 4*r + 1. What are the prime factors of z(h)?
17
Let y(m) = -m**2 - 10*m - 10. Let x be y(-8). Let l be -6*(-3)/x - 6. List the prime factors of (-176)/l + 2/6.
59
Let a be 146*2 - (-4 + 4). Let h = -117 + a. List the prime factors of h.
5, 7
Let y = 19 - -209. Suppose 3*u = 3*c - y, 4*u = -2*c + 8*u + 158. What are the prime factors of